{"id":1127,"date":"2023-05-07T18:28:57","date_gmt":"2023-05-07T16:28:57","guid":{"rendered":"https:\/\/www.ggs-eick.de\/cms\/?page_id=1127"},"modified":"2026-04-25T19:08:33","modified_gmt":"2026-04-25T17:08:33","slug":"home","status":"publish","type":"page","link":"https:\/\/www.ggs-eick.de\/cms\/","title":{"rendered":"Home"},"content":{"rendered":"\n<h2 class=\"wp-block-heading has-text-color\" style=\"color:#e91e24\">Herzlich willkommen <\/h2>\n\n\n\n<div class=\"wp-block-getwid-section\"><div class=\"wp-block-getwid-section__wrapper\"><div class=\"wp-block-getwid-section__inner-wrapper\"><div class=\"wp-block-getwid-section__background-holder\"><div class=\"wp-block-getwid-section__background has-background has-color-5-background-color\"><\/div><div class=\"wp-block-getwid-section__foreground\"><\/div><\/div><div class=\"wp-block-getwid-section__content\"><div class=\"wp-block-getwid-section__inner-content\">\n<div class=\"wp-block-getwid-section\"><div class=\"wp-block-getwid-section__wrapper\"><div class=\"wp-block-getwid-section__inner-wrapper\"><div class=\"wp-block-getwid-section__background-holder\"><div class=\"wp-block-getwid-section__background\"><\/div><div class=\"wp-block-getwid-section__foreground\"><\/div><\/div><div class=\"wp-block-getwid-section__content\"><div class=\"wp-block-getwid-section__inner-content\">\n\t\t\t<div class=\"wp-block-uagb-post-masonry uagb-post-grid  uagb-post__image-position-top uagb-post__image-enabled uagb-block-0004276a     uagb-post__items uagb-post__columns-1 is-masonry uagb-post__columns-tablet-2 uagb-post__columns-mobile-1\" data-total=\"28\" style=\"\">\n\n\t\t\t\t\t\t\t\t\t\t\t\t<article class=\"uagb-post__inner-wrap\">\t\t\t\t\t\t\t\t<div class='uagb-post__image'>\n\t\t\t\t\t\t\t\t\t<a href=\"https:\/\/www.ggs-eick.de\/cms\/2026\/04\/20\/eroeffnungsfeier-des-neuen-ruhebereichs-der-ggs-eick-west\/\" target=\"_self\" rel=\"bookmark noopener noreferrer\"><img loading=\"lazy\" decoding=\"async\" width=\"2016\" height=\"1110\" src=\"https:\/\/www.ggs-eick.de\/cms\/wp-content\/uploads\/2026\/04\/Ruhebereich-e1777136997675.jpg\" class=\"attachment-full size-full\" alt=\"\" srcset=\"https:\/\/www.ggs-eick.de\/cms\/wp-content\/uploads\/2026\/04\/Ruhebereich-e1777136997675.jpg 2016w, https:\/\/www.ggs-eick.de\/cms\/wp-content\/uploads\/2026\/04\/Ruhebereich-e1777136997675-300x165.jpg 300w, https:\/\/www.ggs-eick.de\/cms\/wp-content\/uploads\/2026\/04\/Ruhebereich-e1777136997675-1024x564.jpg 1024w, https:\/\/www.ggs-eick.de\/cms\/wp-content\/uploads\/2026\/04\/Ruhebereich-e1777136997675-768x423.jpg 768w, https:\/\/www.ggs-eick.de\/cms\/wp-content\/uploads\/2026\/04\/Ruhebereich-e1777136997675-1536x846.jpg 1536w\" sizes=\"auto, (max-width: 2016px) 100vw, 2016px\" \/>\t\t\t\t\t<\/a>\n\t\t\t\t\t\t\t\t\t<\/div>\n\t\t\t\t\t\t<h4 class=\"uagb-post__title uagb-post__text\">\n\t\t\t\t<a href=\"https:\/\/www.ggs-eick.de\/cms\/2026\/04\/20\/eroeffnungsfeier-des-neuen-ruhebereichs-der-ggs-eick-west\/\" target=\"_self\" rel=\"bookmark noopener noreferrer\">Er\u00f6ffnungsfeier des neuen Ruhebereichs der GGS Eick West<\/a>\n\t\t\t<\/h4>\n\t\t\t\t\t\t<div class='uagb-post__text uagb-post-grid-byline'>\n\t\t\t\t\t\t\t<\/div>\n\t\t\t\t\t\t\t<div class='uagb-post__text uagb-post__excerpt'>\n\t\t\t\t\tAm Freitag, den 17. April 2026 wurde unser Ruhebereich am Hauptstandort feierlich er\u00f6ffnet. Alle Jahrg\u00e4nge haben einen kleinen Beitrag f\u00fcr die Feier vorbereitet. Es wurde getanzt, gesungen und Gedichte vorgetragen. Damit der Ruhebereich auch seinen Namen verdient, wurden gemeinsam die Regeln besprochen.\t\t\t\t<\/div>\n\t\t\t\t\t\t\t\t\t\t\t\t<\/article>\n\t\t\t\t\t\t\t\t\t\t\t<\/div>\n\t\t\t<\/div><\/div><\/div><\/div><\/div>\n\n\n\n<div class=\"wp-block-columns is-layout-flex wp-container-core-columns-is-layout-9d6595d7 wp-block-columns-is-layout-flex\">\n<div class=\"wp-block-column is-layout-flow wp-block-column-is-layout-flow\" style=\"flex-basis:66.66%\">\n<div class=\"wp-block-getwid-images-slider is-style-default has-arrows-none has-dots-inside has-images-center has-cropped-images\"><div class=\"wp-block-getwid-images-slider__wrapper\" data-effect=\"fade\" data-slides-show=\"1\" data-slides-show-laptop=\"1\" data-slides-show-tablet=\"1\" data-slides-show-mobile=\"1\" data-slides-scroll=\"1\" data-autoplay=\"true\" data-autoplay-speed=\"6000\" data-infinite=\"true\" data-animation-speed=\"800\" data-center-mode=\"false\" data-variable-width=\"false\" data-arrows=\"none\" data-dots=\"inside\" data-spacing=\"none\"><div class=\"wp-block-getwid-images-slider__item\"><figure><img loading=\"lazy\" decoding=\"async\" width=\"1024\" height=\"768\" src=\"https:\/\/www.ggs-eick.de\/cms\/wp-content\/uploads\/2023\/05\/zirkus_tag1-1.jpg\" data-id=\"1188\" data-link=\"https:\/\/www.ggs-eick.de\/cms\/2023\/05\/08\/tag-1\/zirkus_tag1-1\/\" data-original-link=\"https:\/\/www.ggs-eick.de\/cms\/wp-content\/uploads\/2023\/05\/zirkus_tag1-1.jpg\" class=\"wp-block-getwid-images-slider__image wp-image-1188\" srcset=\"https:\/\/www.ggs-eick.de\/cms\/wp-content\/uploads\/2023\/05\/zirkus_tag1-1.jpg 1024w, https:\/\/www.ggs-eick.de\/cms\/wp-content\/uploads\/2023\/05\/zirkus_tag1-1-300x225.jpg 300w, https:\/\/www.ggs-eick.de\/cms\/wp-content\/uploads\/2023\/05\/zirkus_tag1-1-768x576.jpg 768w\" sizes=\"auto, (max-width: 1024px) 100vw, 1024px\" \/><\/figure><\/div><div class=\"wp-block-getwid-images-slider__item\"><figure><img loading=\"lazy\" decoding=\"async\" width=\"480\" height=\"640\" src=\"https:\/\/www.ggs-eick.de\/cms\/wp-content\/uploads\/2023\/05\/zirkus_aufbau5.jpg\" data-id=\"1175\" data-link=\"https:\/\/www.ggs-eick.de\/cms\/?attachment_id=1175\" data-original-link=\"https:\/\/www.ggs-eick.de\/cms\/wp-content\/uploads\/2023\/05\/zirkus_aufbau5.jpg\" class=\"wp-block-getwid-images-slider__image wp-image-1175\" srcset=\"https:\/\/www.ggs-eick.de\/cms\/wp-content\/uploads\/2023\/05\/zirkus_aufbau5.jpg 480w, https:\/\/www.ggs-eick.de\/cms\/wp-content\/uploads\/2023\/05\/zirkus_aufbau5-225x300.jpg 225w\" sizes=\"auto, (max-width: 480px) 100vw, 480px\" \/><\/figure><\/div><\/div><\/div>\n<\/div>\n\n\n\n<div class=\"wp-block-column is-layout-flow wp-block-column-is-layout-flow\" style=\"font-size:18px;flex-basis:33.33%\">\n<section class=\"ics-calendar layout-list stickymonths\" id=\"r69f455892a8d246\" style=\"opacity: 0;\">\n\n\t\t\t<article class=\"ics-calendar-list-wrapper\">\n\n\t\t\t\t\t\t\t\t\t\t\t\t\t<h3 class=\"ics-calendar-label\" id=\"r69f455892a8d246-202605\">Mai 2026<\/h3>\n\t\t\t\t\t\t\t\t\t\t\t\t\t\t\t\t\t\t\t\t<div class=\"ics-calendar-date-wrapper\" data-date=\"Mittwoch 13. Mai \" data-events-count=\"1\" data-feed-keys=\"0\">\n\t\t\t\t\t\t\t\t\t\t\t<h4 class=\"ics-calendar-date\" id=\"r69f455892a8d246-20260513\">Mittwoch 13. Mai <\/h4>\n\t\t\t\t\t\t\t\t\t\t\t<dl class=\"events\" aria-labelledby=\"r69f455892a8d246-20260513\">\n\t\t\t\t\t\t\t\t\t\t<dd class=\"event all-day\" data-feed-key=\"0\">\n\t\t\t\t\t\t\t\t\t\t\t<span class=\"title\">Aktionstag \u201eLeichtathletik on tour\u201c<\/span>\t\t\t\t\t\t\t\t\t\t<\/dd>\t\t\t\t\t\t\t\t\t<\/dl>\n\t\t\t\t\t\t\t\t<\/div>\n\t\t\t\t\t\t\t\t\t\t\t\t\t\t\t\t\t\t<div class=\"ics-calendar-date-wrapper\" data-date=\"Donnerstag 14. Mai \" data-events-count=\"1\" data-feed-keys=\"0\">\n\t\t\t\t\t\t\t\t\t\t\t<h4 class=\"ics-calendar-date\" id=\"r69f455892a8d246-20260514\">Donnerstag 14. Mai <\/h4>\n\t\t\t\t\t\t\t\t\t\t\t<dl class=\"events\" aria-labelledby=\"r69f455892a8d246-20260514\">\n\t\t\t\t\t\t\t\t\t\t<dd class=\"event all-day\" data-feed-key=\"0\">\n\t\t\t\t\t\t\t\t\t\t\t<span class=\"title\">Himmelfahrt - Feiertag<\/span>\t\t\t\t\t\t\t\t\t\t<\/dd>\t\t\t\t\t\t\t\t\t<\/dl>\n\t\t\t\t\t\t\t\t<\/div>\n\t\t\t\t\t\t\t\t\t\t\t\t\t\t\t\t\t\t<div class=\"ics-calendar-date-wrapper\" data-date=\"Freitag 15. Mai \" data-events-count=\"1\" data-feed-keys=\"0\">\n\t\t\t\t\t\t\t\t\t\t\t<h4 class=\"ics-calendar-date\" id=\"r69f455892a8d246-20260515\">Freitag 15. Mai <\/h4>\n\t\t\t\t\t\t\t\t\t\t\t<dl class=\"events\" aria-labelledby=\"r69f455892a8d246-20260515\">\n\t\t\t\t\t\t\t\t\t\t<dd class=\"event all-day\" data-feed-key=\"0\">\n\t\t\t\t\t\t\t\t\t\t\t<span class=\"title\">beweglicher Ferientag (Kein Unterricht, OGS findet statt)<\/span>\t\t\t\t\t\t\t\t\t\t<\/dd>\t\t\t\t\t\t\t\t\t<\/dl>\n\t\t\t\t\t\t\t\t<\/div>\n\t\t\t\t\t\t\t\t\t\t\t\t\t\t\t\t\t\t<div class=\"ics-calendar-date-wrapper\" data-date=\"Donnerstag 21. Mai \" data-events-count=\"1\" data-feed-keys=\"0\">\n\t\t\t\t\t\t\t\t\t\t\t<h4 class=\"ics-calendar-date\" id=\"r69f455892a8d246-20260521\">Donnerstag 21. Mai <\/h4>\n\t\t\t\t\t\t\t\t\t\t\t<dl class=\"events\" aria-labelledby=\"r69f455892a8d246-20260521\">\n\t\t\t\t\t\t\t\t\t\t<dd class=\"event all-day\" data-feed-key=\"0\">\n\t\t\t\t\t\t\t\t\t\t\t<span class=\"title\">Theaterp\u00e4dagogische Werkstatt Teil 1 (je 1h\/<wbr \/>Klasse JG 3 + 4)<\/span>\t\t\t\t\t\t\t\t\t\t<\/dd>\t\t\t\t\t\t\t\t\t<\/dl>\n\t\t\t\t\t\t\t\t<\/div>\n\t\t\t\t\t\t\t\t\t\t\t\t\t\t\t\t\t\t<div class=\"ics-calendar-date-wrapper\" data-date=\"Montag 25. Mai \" data-events-count=\"1\" data-feed-keys=\"0\">\n\t\t\t\t\t\t\t\t\t\t\t<h4 class=\"ics-calendar-date\" id=\"r69f455892a8d246-20260525\">Montag 25. Mai <\/h4>\n\t\t\t\t\t\t\t\t\t\t\t<dl class=\"events\" aria-labelledby=\"r69f455892a8d246-20260525\">\n\t\t\t\t\t\t\t\t\t\t<dd class=\"event all-day\" data-feed-key=\"0\">\n\t\t\t\t\t\t\t\t\t\t\t<span class=\"title\">Pfingsten - Feiertag<\/span>\t\t\t\t\t\t\t\t\t\t<\/dd><\/dl><\/div>\t\t<\/article>\n\n\t\t\n<\/section>\n\n\n\n\n<div class=\"wp-block-getwid-images-slider has-arrows-none has-dots-inside has-images-center has-fitted-images\"><div class=\"wp-block-getwid-images-slider__wrapper\" data-effect=\"fade\" data-slides-show=\"1\" data-slides-show-laptop=\"1\" data-slides-show-tablet=\"1\" data-slides-show-mobile=\"1\" data-slides-scroll=\"1\" data-autoplay=\"true\" data-autoplay-speed=\"6000\" data-infinite=\"true\" data-animation-speed=\"800\" data-center-mode=\"false\" data-variable-width=\"false\" data-arrows=\"none\" data-dots=\"inside\" data-spacing=\"none\"><div class=\"wp-block-getwid-images-slider__item\"><figure><img loading=\"lazy\" decoding=\"async\" width=\"479\" height=\"255\" src=\"https:\/\/www.ggs-eick.de\/cms\/wp-content\/uploads\/2023\/09\/KS_Logo_S_CMYK.jpg\" data-id=\"1485\" data-link=\"https:\/\/www.ggs-eick.de\/cms\/ks_logo_s_cmyk\/\" data-original-link=\"https:\/\/www.ggs-eick.de\/cms\/wp-content\/uploads\/2023\/09\/KS_Logo_S_CMYK.jpg\" class=\"wp-block-getwid-images-slider__image wp-image-1485\" srcset=\"https:\/\/www.ggs-eick.de\/cms\/wp-content\/uploads\/2023\/09\/KS_Logo_S_CMYK.jpg 479w, https:\/\/www.ggs-eick.de\/cms\/wp-content\/uploads\/2023\/09\/KS_Logo_S_CMYK-300x160.jpg 300w\" sizes=\"auto, (max-width: 479px) 100vw, 479px\" \/><\/figure><\/div><div class=\"wp-block-getwid-images-slider__item\"><figure><img loading=\"lazy\" decoding=\"async\" width=\"300\" height=\"289\" src=\"https:\/\/www.ggs-eick.de\/cms\/wp-content\/uploads\/2023\/09\/JeKits_Logo_Instrumente_RGB-kl.jpg\" data-id=\"1484\" data-link=\"https:\/\/www.ggs-eick.de\/cms\/jekits_logo_instrumente_rgb-kl\/\" data-original-link=\"https:\/\/www.ggs-eick.de\/cms\/wp-content\/uploads\/2023\/09\/JeKits_Logo_Instrumente_RGB-kl.jpg\" class=\"wp-block-getwid-images-slider__image wp-image-1484\"\/><\/figure><\/div><div class=\"wp-block-getwid-images-slider__item\"><figure><img loading=\"lazy\" decoding=\"async\" width=\"738\" height=\"151\" src=\"https:\/\/www.ggs-eick.de\/cms\/wp-content\/uploads\/2023\/09\/AK_Kultur-und-Wissenschaft_Farbig.jpg\" data-id=\"1483\" data-link=\"https:\/\/www.ggs-eick.de\/cms\/ak_kultur-und-wissenschaft_farbig\/\" data-original-link=\"https:\/\/www.ggs-eick.de\/cms\/wp-content\/uploads\/2023\/09\/AK_Kultur-und-Wissenschaft_Farbig.jpg\" class=\"wp-block-getwid-images-slider__image wp-image-1483\" srcset=\"https:\/\/www.ggs-eick.de\/cms\/wp-content\/uploads\/2023\/09\/AK_Kultur-und-Wissenschaft_Farbig.jpg 738w, https:\/\/www.ggs-eick.de\/cms\/wp-content\/uploads\/2023\/09\/AK_Kultur-und-Wissenschaft_Farbig-300x61.jpg 300w\" sizes=\"auto, (max-width: 738px) 100vw, 738px\" \/><\/figure><\/div><div class=\"wp-block-getwid-images-slider__item\"><figure><img loading=\"lazy\" decoding=\"async\" width=\"527\" height=\"116\" src=\"https:\/\/www.ggs-eick.de\/cms\/wp-content\/uploads\/2023\/09\/Stadtsportverband_Moers_Logo-kl.png\" data-id=\"1482\" data-link=\"https:\/\/www.ggs-eick.de\/cms\/stadtsportverband_moers_logo-kl\/\" data-original-link=\"https:\/\/www.ggs-eick.de\/cms\/wp-content\/uploads\/2023\/09\/Stadtsportverband_Moers_Logo-kl.png\" class=\"wp-block-getwid-images-slider__image wp-image-1482\" srcset=\"https:\/\/www.ggs-eick.de\/cms\/wp-content\/uploads\/2023\/09\/Stadtsportverband_Moers_Logo-kl.png 527w, https:\/\/www.ggs-eick.de\/cms\/wp-content\/uploads\/2023\/09\/Stadtsportverband_Moers_Logo-kl-300x66.png 300w\" sizes=\"auto, (max-width: 527px) 100vw, 527px\" \/><\/figure><\/div><div class=\"wp-block-getwid-images-slider__item\"><figure><img loading=\"lazy\" decoding=\"async\" width=\"600\" height=\"134\" src=\"https:\/\/www.ggs-eick.de\/cms\/wp-content\/uploads\/2023\/09\/NRWKS_4c_600px.jpg\" data-id=\"1481\" data-link=\"https:\/\/www.ggs-eick.de\/cms\/druck\/\" data-original-link=\"https:\/\/www.ggs-eick.de\/cms\/wp-content\/uploads\/2023\/09\/NRWKS_4c_600px.jpg\" class=\"wp-block-getwid-images-slider__image wp-image-1481\" srcset=\"https:\/\/www.ggs-eick.de\/cms\/wp-content\/uploads\/2023\/09\/NRWKS_4c_600px.jpg 600w, https:\/\/www.ggs-eick.de\/cms\/wp-content\/uploads\/2023\/09\/NRWKS_4c_600px-300x67.jpg 300w\" sizes=\"auto, (max-width: 600px) 100vw, 600px\" \/><\/figure><\/div><div class=\"wp-block-getwid-images-slider__item\"><figure><img loading=\"lazy\" decoding=\"async\" width=\"248\" height=\"58\" src=\"https:\/\/www.ggs-eick.de\/cms\/wp-content\/uploads\/2023\/09\/Musikschule-Logo.png\" data-id=\"1480\" data-link=\"https:\/\/www.ggs-eick.de\/cms\/musikschule-logo\/\" data-original-link=\"https:\/\/www.ggs-eick.de\/cms\/wp-content\/uploads\/2023\/09\/Musikschule-Logo.png\" class=\"wp-block-getwid-images-slider__image wp-image-1480\"\/><\/figure><\/div><div class=\"wp-block-getwid-images-slider__item\"><figure><img loading=\"lazy\" decoding=\"async\" width=\"709\" height=\"295\" src=\"https:\/\/www.ggs-eick.de\/cms\/wp-content\/uploads\/2023\/09\/Kulturbu\u00a8ro_Moers_Logo.jpg\" data-id=\"1479\" data-link=\"https:\/\/www.ggs-eick.de\/cms\/kulturbu%c2%a8ro_moers_logo\/\" data-original-link=\"https:\/\/www.ggs-eick.de\/cms\/wp-content\/uploads\/2023\/09\/Kulturbu\u00a8ro_Moers_Logo.jpg\" class=\"wp-block-getwid-images-slider__image wp-image-1479\" srcset=\"https:\/\/www.ggs-eick.de\/cms\/wp-content\/uploads\/2023\/09\/Kulturbu\u00a8ro_Moers_Logo.jpg 709w, https:\/\/www.ggs-eick.de\/cms\/wp-content\/uploads\/2023\/09\/Kulturbu\u00a8ro_Moers_Logo-300x125.jpg 300w\" sizes=\"auto, (max-width: 709px) 100vw, 709px\" \/><\/figure><\/div><div class=\"wp-block-getwid-images-slider__item\"><figure><img loading=\"lazy\" decoding=\"async\" width=\"1172\" height=\"224\" src=\"https:\/\/www.ggs-eick.de\/cms\/wp-content\/uploads\/2025\/02\/GmS-Logo.jpg\" data-id=\"1880\" data-link=\"https:\/\/www.ggs-eick.de\/cms\/home\/gms-logo\/\" data-original-link=\"https:\/\/www.ggs-eick.de\/cms\/wp-content\/uploads\/2025\/02\/GmS-Logo.jpg\" class=\"wp-block-getwid-images-slider__image wp-image-1880\" srcset=\"https:\/\/www.ggs-eick.de\/cms\/wp-content\/uploads\/2025\/02\/GmS-Logo.jpg 1172w, https:\/\/www.ggs-eick.de\/cms\/wp-content\/uploads\/2025\/02\/GmS-Logo-300x57.jpg 300w, https:\/\/www.ggs-eick.de\/cms\/wp-content\/uploads\/2025\/02\/GmS-Logo-1024x196.jpg 1024w, https:\/\/www.ggs-eick.de\/cms\/wp-content\/uploads\/2025\/02\/GmS-Logo-768x147.jpg 768w, https:\/\/www.ggs-eick.de\/cms\/wp-content\/uploads\/2025\/02\/GmS-Logo-1170x224.jpg 1170w\" sizes=\"auto, (max-width: 1172px) 100vw, 1172px\" \/><\/figure><\/div><div class=\"wp-block-getwid-images-slider__item\"><figure><img loading=\"lazy\" decoding=\"async\" width=\"240\" height=\"200\" src=\"https:\/\/www.ggs-eick.de\/cms\/wp-content\/uploads\/2025\/02\/klasse2000-banner-01-240x200px.jpg\" data-id=\"1882\" data-link=\"https:\/\/www.ggs-eick.de\/cms\/home\/klasse2000-banner-01-240x200px\/\" data-original-link=\"https:\/\/www.ggs-eick.de\/cms\/wp-content\/uploads\/2025\/02\/klasse2000-banner-01-240x200px.jpg\" class=\"wp-block-getwid-images-slider__image wp-image-1882\"\/><\/figure><\/div><div class=\"wp-block-getwid-images-slider__item\"><figure><img loading=\"lazy\" decoding=\"async\" width=\"673\" height=\"504\" src=\"https:\/\/www.ggs-eick.de\/cms\/wp-content\/uploads\/2025\/04\/KliMo-Logo.jpg\" data-id=\"1922\" data-link=\"https:\/\/www.ggs-eick.de\/cms\/home\/klimo-logo\/\" data-original-link=\"https:\/\/www.ggs-eick.de\/cms\/wp-content\/uploads\/2025\/04\/KliMo-Logo.jpg\" class=\"wp-block-getwid-images-slider__image wp-image-1922\" srcset=\"https:\/\/www.ggs-eick.de\/cms\/wp-content\/uploads\/2025\/04\/KliMo-Logo.jpg 673w, https:\/\/www.ggs-eick.de\/cms\/wp-content\/uploads\/2025\/04\/KliMo-Logo-300x225.jpg 300w\" sizes=\"auto, (max-width: 673px) 100vw, 673px\" \/><\/figure><\/div><\/div><\/div>\n\n\n\n<p class=\"has-text-align-center\">Partner der GGS Eick<\/p>\n<\/div>\n<\/div>\n<\/div><\/div><\/div><\/div><\/div>\n\n\n\n<p><\/p>\n","protected":false},"excerpt":{"rendered":"<p>Herzlich willkommen<\/p>\n","protected":false},"author":1,"featured_media":0,"parent":0,"menu_order":0,"comment_status":"closed","ping_status":"closed","template":"","meta":{"_uag_custom_page_level_css":"","footnotes":""},"class_list":["post-1127","page","type-page","status-publish","hentry"],"jetpack_sharing_enabled":true,"uagb_featured_image_src":{"full":false,"thumbnail":false,"medium":false,"medium_large":false,"large":false,"1536x1536":false,"2048x2048":false,"post-thumbnail":false,"gutenix-thumb-s":false,"gutenix-thumb-m":false,"gutenix-thumb-post":false,"gutenix-thumb-l":false,"gutenix-thumb-xl":false,"gutenix-thumb-grid-2col":false,"gutenix-thumb-masonry":false,"gutenix-thumb-masonry-2col":false,"gutenix-thumb-justify":false},"uagb_author_info":{"display_name":"ggsadmin","author_link":"https:\/\/www.ggs-eick.de\/cms\/author\/ggsadmin\/"},"uagb_comment_info":0,"uagb_excerpt":"Herzlich willkommen","_links":{"self":[{"href":"https:\/\/www.ggs-eick.de\/cms\/wp-json\/wp\/v2\/pages\/1127","targetHints":{"allow":["GET"]}}],"collection":[{"href":"https:\/\/www.ggs-eick.de\/cms\/wp-json\/wp\/v2\/pages"}],"about":[{"href":"https:\/\/www.ggs-eick.de\/cms\/wp-json\/wp\/v2\/types\/page"}],"author":[{"embeddable":true,"href":"https:\/\/www.ggs-eick.de\/cms\/wp-json\/wp\/v2\/users\/1"}],"replies":[{"embeddable":true,"href":"https:\/\/www.ggs-eick.de\/cms\/wp-json\/wp\/v2\/comments?post=1127"}],"version-history":[{"count":52,"href":"https:\/\/www.ggs-eick.de\/cms\/wp-json\/wp\/v2\/pages\/1127\/revisions"}],"predecessor-version":[{"id":2066,"href":"https:\/\/www.ggs-eick.de\/cms\/wp-json\/wp\/v2\/pages\/1127\/revisions\/2066"}],"wp:attachment":[{"href":"https:\/\/www.ggs-eick.de\/cms\/wp-json\/wp\/v2\/media?parent=1127"}],"curies":[{"name":"wp","href":"https:\/\/api.w.org\/{rel}","templated":true}]}}