{"id":1076,"date":"2023-05-06T13:20:12","date_gmt":"2023-05-06T11:20:12","guid":{"rendered":"https:\/\/www.ggs-eick.de\/cms\/?page_id=1076"},"modified":"2023-05-06T13:36:27","modified_gmt":"2023-05-06T11:36:27","slug":"offener-ganztag","status":"publish","type":"page","link":"https:\/\/www.ggs-eick.de\/cms\/offener-ganztag\/","title":{"rendered":"Offener Ganztag"},"content":{"rendered":"\n<div class=\"wp-block-getwid-section\"><div class=\"wp-block-getwid-section__wrapper\"><div class=\"wp-block-getwid-section__inner-wrapper\"><div class=\"wp-block-getwid-section__background-holder\"><div class=\"wp-block-getwid-section__background has-background has-color-5-background-color\"><\/div><div class=\"wp-block-getwid-section__foreground\"><\/div><\/div><div class=\"wp-block-getwid-section__content\"><div class=\"wp-block-getwid-section__inner-content\">\n<h1>Unsere OGS<\/h1><p>Seit 01.08.2015 hat der Stadtsportverband Moers (SSV) die Tr\u00e4gerschaft f\u00fcr den Offenen Ganztag an unserer Schule \u00fcbernommen.<\/p>\n<p>Die Offene Ganztagsschule bietet allen Kindern ein durchgehend strukturiertes Angebot in der Schule an f\u00fcnf Wochentagen von 11.30 &#8211; 16.00 Uhr. An unterrichtsfreien Tagen (beweglichen Ferientagen oder Ganztagskonferenzen) sind die Mitarbeiterinnen und Mitarbeiter nach Bedarf ebenfalls f\u00fcr die Kinder da. Ferienzeiten werden nach vertraglichen Vorgaben abgedeckt.<\/p>\n<p>Das Konzept basiert auf folgenden Bezugsrahmen:<\/p>\n<ul>\n<li>BASS, Kap 12-63 Nr. 2 (Fass. 2015) Gebundene und offene Ganztagsschulen<\/li>\n<li>Rahmenkonzept Offene Ganztagsschule im Primarbereich, Stadt Moers (2012)<\/li>\n<li>UN-Behindertenrechtskonvention, inklusive Bildung<\/li>\n<li>Projekt der Landesregierung NRW &#8220;KommSport&#8221;, in Anlehnung<\/li>\n<li>Schulprogramm der GGS Eick<\/li>\n<\/ul>\n<p><strong>P\u00e4dagogische Ziele <\/strong><\/p>\n<p>Das p\u00e4dagogische Ziel ist die individuelle ganzheitliche Bildung von Kindern, die Entwicklung ihrer Pers\u00f6nlichkeit, der Selbst- und Sozialkompetenzen, ihrer F\u00e4higkeiten, Talente, Fertigkeiten und ihr Wissenserwerb.<\/p>\n<p>Die gemeinsame und individuelle Freizeit der Kinder wird gestaltet und ihre altersgerechten Interessen und Bed\u00fcrfnisse gef\u00f6rdert. Ein respektvolller und verantwortungsvoller Umgang miteinander wird vermittelt und Hilfe zu gr\u00f6\u00dftm\u00f6glicher Selbstst\u00e4ndigkeit und Eigenaktivt\u00e4t gegeben. Durch Absprachen und Regeln erfahren die Kinder Sicherheit und Zuverl\u00e4ssigkeit.<\/p>\n<p><strong>Strukturen im Ganztag<\/strong><\/p>\n<p>Die Kinder gehen nach Unterrichtsschluss je nach Stundenplan von 11.50 &#8211; 13.25 Uhr in den OGS-Bereich und werden von den p\u00e4dagogischen Mitarbeiterinnen und Mitarbeiter empfangen. Hier haben sie Gelegenheit zum freien Spiel oder auch zum R\u00fcckzug in die Kuschelecke bis zum Mittagessen. Nach der gemeinsamen Mahlzeit mit festen Regeln folgt f\u00fcr die J\u00fcngeren eine halbst\u00fcndige Ruhepause und dann auch wie f\u00fcr die Gr\u00f6\u00dferen der Wechsel\u00a0vom Vormittag in den Nachmittag.<\/p>\n<p>Im Anschluss wird Hilfe bei der Hausaufgabenerstellung gegeben. Nach den Hausaufgaben nehmen die Kinder die zahlreichen Projekte wahr.<\/p>\n<p>Diese Projekte aus unterschiedlichen Bereichen stehen zur Auswahl:<\/p>\n<ul>\n<li>Sport: Ballsportarten, gemeinsame (Bewegungs-)Spiele, M\u00e4dchen- und Jungensport, Jonglage<\/li>\n<li>Musik und Theater<\/li>\n<li>Kunst und Werken<\/li>\n<li>Exkursionen und Ausfl\u00fcge : z.B. Natur erleben, Bibliothek<\/li>\n<li>Kochen und Backen<\/li>\n<li>Mathe-Werkstatt<\/li>\n<\/ul>\n<p>Weitere Informationen zum Tr\u00e4ger finden Sie auf der\u00a0 Internetseite unter: www.sport-in-moers.de<\/p>\n<\/div><\/div><\/div><\/div><\/div>\n","protected":false},"excerpt":{"rendered":"","protected":false},"author":1,"featured_media":0,"parent":0,"menu_order":0,"comment_status":"closed","ping_status":"closed","template":"","meta":{"_uag_custom_page_level_css":"","footnotes":""},"class_list":["post-1076","page","type-page","status-publish","hentry"],"jetpack_sharing_enabled":true,"uagb_featured_image_src":{"full":false,"thumbnail":false,"medium":false,"medium_large":false,"large":false,"1536x1536":false,"2048x2048":false,"post-thumbnail":false,"gutenix-thumb-s":false,"gutenix-thumb-m":false,"gutenix-thumb-post":false,"gutenix-thumb-l":false,"gutenix-thumb-xl":false,"gutenix-thumb-grid-2col":false,"gutenix-thumb-masonry":false,"gutenix-thumb-masonry-2col":false,"gutenix-thumb-justify":false},"uagb_author_info":{"display_name":"ggsadmin","author_link":"https:\/\/www.ggs-eick.de\/cms\/author\/ggsadmin\/"},"uagb_comment_info":0,"uagb_excerpt":null,"_links":{"self":[{"href":"https:\/\/www.ggs-eick.de\/cms\/wp-json\/wp\/v2\/pages\/1076","targetHints":{"allow":["GET"]}}],"collection":[{"href":"https:\/\/www.ggs-eick.de\/cms\/wp-json\/wp\/v2\/pages"}],"about":[{"href":"https:\/\/www.ggs-eick.de\/cms\/wp-json\/wp\/v2\/types\/page"}],"author":[{"embeddable":true,"href":"https:\/\/www.ggs-eick.de\/cms\/wp-json\/wp\/v2\/users\/1"}],"replies":[{"embeddable":true,"href":"https:\/\/www.ggs-eick.de\/cms\/wp-json\/wp\/v2\/comments?post=1076"}],"version-history":[{"count":2,"href":"https:\/\/www.ggs-eick.de\/cms\/wp-json\/wp\/v2\/pages\/1076\/revisions"}],"predecessor-version":[{"id":1091,"href":"https:\/\/www.ggs-eick.de\/cms\/wp-json\/wp\/v2\/pages\/1076\/revisions\/1091"}],"wp:attachment":[{"href":"https:\/\/www.ggs-eick.de\/cms\/wp-json\/wp\/v2\/media?parent=1076"}],"curies":[{"name":"wp","href":"https:\/\/api.w.org\/{rel}","templated":true}]}}

<div class="wp-block-getwid-section"><div class="wp-block-getwid-section__wrapper"><div class="wp-block-getwid-section__inner-wrapper"><div class="wp-block-getwid-section__background-holder"><div class="wp-block-getwid-section__background has-background has-color-5-background-color"></div><div class="wp-block-getwid-section__foreground"></div></div><div class="wp-block-getwid-section__content"><div class="wp-block-getwid-section__inner-content">
<h1>Unsere OGS</h1><p>Seit 01.08.2015 hat der Stadtsportverband Moers (SSV) die Trägerschaft für den Offenen Ganztag an unserer Schule übernommen.</p>
<p>Die Offene Ganztagsschule bietet allen Kindern ein durchgehend strukturiertes Angebot in der Schule an fünf Wochentagen von 11.30 &#8211; 16.00 Uhr. An unterrichtsfreien Tagen (beweglichen Ferientagen oder Ganztagskonferenzen) sind die Mitarbeiterinnen und Mitarbeiter nach Bedarf ebenfalls für die Kinder da. Ferienzeiten werden nach vertraglichen Vorgaben abgedeckt.</p>
<p>Das Konzept basiert auf folgenden Bezugsrahmen:</p>
<ul>
<li>BASS, Kap 12-63 Nr. 2 (Fass. 2015) Gebundene und offene Ganztagsschulen</li>
<li>Rahmenkonzept Offene Ganztagsschule im Primarbereich, Stadt Moers (2012)</li>
<li>UN-Behindertenrechtskonvention, inklusive Bildung</li>
<li>Projekt der Landesregierung NRW &#8220;KommSport&#8221;, in Anlehnung</li>
<li>Schulprogramm der GGS Eick</li>
</ul>
<p><strong>Pädagogische Ziele </strong></p>
<p>Das pädagogische Ziel ist die individuelle ganzheitliche Bildung von Kindern, die Entwicklung ihrer Persönlichkeit, der Selbst- und Sozialkompetenzen, ihrer Fähigkeiten, Talente, Fertigkeiten und ihr Wissenserwerb.</p>
<p>Die gemeinsame und individuelle Freizeit der Kinder wird gestaltet und ihre altersgerechten Interessen und Bedürfnisse gefördert. Ein respektvolller und verantwortungsvoller Umgang miteinander wird vermittelt und Hilfe zu größtmöglicher Selbstständigkeit und Eigenaktivtät gegeben. Durch Absprachen und Regeln erfahren die Kinder Sicherheit und Zuverlässigkeit.</p>
<p><strong>Strukturen im Ganztag</strong></p>
<p>Die Kinder gehen nach Unterrichtsschluss je nach Stundenplan von 11.50 &#8211; 13.25 Uhr in den OGS-Bereich und werden von den pädagogischen Mitarbeiterinnen und Mitarbeiter empfangen. Hier haben sie Gelegenheit zum freien Spiel oder auch zum Rückzug in die Kuschelecke bis zum Mittagessen. Nach der gemeinsamen Mahlzeit mit festen Regeln folgt für die Jüngeren eine halbstündige Ruhepause und dann auch wie für die Größeren der Wechsel vom Vormittag in den Nachmittag.</p>
<p>Im Anschluss wird Hilfe bei der Hausaufgabenerstellung gegeben. Nach den Hausaufgaben nehmen die Kinder die zahlreichen Projekte wahr.</p>
<p>Diese Projekte aus unterschiedlichen Bereichen stehen zur Auswahl:</p>
<ul>
<li>Sport: Ballsportarten, gemeinsame (Bewegungs-)Spiele, Mädchen- und Jungensport, Jonglage</li>
<li>Musik und Theater</li>
<li>Kunst und Werken</li>
<li>Exkursionen und Ausflüge : z.B. Natur erleben, Bibliothek</li>
<li>Kochen und Backen</li>
<li>Mathe-Werkstatt</li>
</ul>
<p>Weitere Informationen zum Träger finden Sie auf der  Internetseite unter: www.sport-in-moers.de</p>
</div></div></div></div></div>
