{"id":1024,"date":"2023-05-06T12:23:36","date_gmt":"2023-05-06T10:23:36","guid":{"rendered":"https:\/\/www.ggs-eick.de\/cms\/?page_id=1024"},"modified":"2023-09-05T18:50:01","modified_gmt":"2023-09-05T16:50:01","slug":"medienkonzept","status":"publish","type":"page","link":"https:\/\/www.ggs-eick.de\/cms\/medienkonzept\/","title":{"rendered":"Medienkonzept NEU"},"content":{"rendered":"\n<div class=\"wp-block-getwid-section\"><div class=\"wp-block-getwid-section__wrapper\"><div class=\"wp-block-getwid-section__inner-wrapper\"><div class=\"wp-block-getwid-section__background-holder\"><div class=\"wp-block-getwid-section__background has-background has-color-5-background-color\"><\/div><div class=\"wp-block-getwid-section__foreground\"><\/div><\/div><div class=\"wp-block-getwid-section__content\"><div class=\"wp-block-getwid-section__inner-content\">\n<div class=\"wp-block-group\"><div class=\"wp-block-group__inner-container is-layout-constrained wp-block-group-is-layout-constrained\">\n<p class=\"has-text-align-center has-large-font-size\"><strong>Medienkonzept<\/strong><\/p>\n\n\n\n<p class=\"has-text-align-center has-small-font-size\">(Stand: 12\/2022)<\/p>\n\n\n\n<p class=\"has-medium-font-size\" style=\"font-style:normal;font-weight:800\"><strong>Ziele des digitalen Medienkonzeptes&nbsp;<\/strong><\/p>\n\n\n\n<p class=\"has-text-align-justify has-medium-font-size\">Wir m\u00f6chten zeitgem\u00e4\u00dfen Unterricht mit aktuellen und zukunftweisenden Inhalten und Methoden mit den Sch\u00fclerinnen und Sch\u00fclern gemeinsam umsetzen. Dazu haben wir didaktische und p\u00e4dagogische Ideen und Ziele formuliert, aus denen sich die notwendige technische Grundausstattung f\u00fcr die beiden Standorte unserer Schule ergibt. Medien sollen in unserer Schule unter anderem\u2026<\/p>\n\n\n\n<p class=\"has-medium-font-size\">eine bewusste Bereicherung des Unterrichts und des Schullebens darstellen und neue Wege und M\u00f6glichkeiten beim Lernen aufzeigen,<\/p>\n\n\n\n<ul class=\"has-medium-font-size wp-block-list\">\n<li>die individuelle F\u00f6rderung der Kinder unterst\u00fctzenn<\/li>\n\n\n\n<li>neue Pr\u00e4sentationsformen f\u00fcr Arbeitsergebnisse der Kinder zulassen,<\/li>\n\n\n\n<li>mit Hilfe einer schuleigenen Homepage eine Plattform f\u00fcr interessierte<\/li>\n\n\n\n<li>Eltern zur Informationsbeschaffung bieten,<\/li>\n\n\n\n<li>Schulverwaltung, Schulorganisation und Unterrichtsvorbereitung<\/li>\n\n\n\n<li>erleichtern.<\/li>\n<\/ul>\n\n\n\n<p class=\"has-medium-font-size\">Das Medienkonzept unserer Schule bezieht sich\u2026<\/p>\n\n\n\n<ul class=\"has-medium-font-size wp-block-list\">\n<li>auf ein Lernen mit dem klassischen Computer oder Tablet als Werkzeug (Schreib- und \u00dcbungsprogramme),<\/li>\n\n\n\n<li>auf den Umgang mit Medienausstattungen (Hardware) als Bildungsmedien,<\/li>\n\n\n\n<li>zur Informationsbeschaffung,<\/li>\n\n\n\n<li>auf die Nutzung eines Lern-Management-Systems (LMS),<\/li>\n\n\n\n<li>auf einen sicheren Umgang mit dem Internet,<\/li>\n\n\n\n<li>auf die Integration der neuen Medien in den allt\u00e4glichen Unterricht,<\/li>\n\n\n\n<li>auf das selbstst\u00e4ndige Lernen mit den Medien,<\/li>\n\n\n\n<li>auf sachgerechtes und eigenverantwortliches Handeln,<\/li>\n\n\n\n<li>auf die Identifikation und Nutzung der grundlegenden Prinzipien und Funktionsweisen der digitalen Welt,<\/li>\n\n\n\n<li>auf eine Vernetzung traditioneller und neuer Medien.<\/li>\n<\/ul>\n\n\n\n<p class=\"has-medium-font-size\" style=\"font-style:normal;font-weight:800\"><br><strong>Ziele der Entwicklung und F\u00f6rderung von Medienkompetenzen&nbsp;<\/strong><\/p>\n\n\n\n<p class=\"has-text-align-justify has-medium-font-size\">Wie in den Richtlinien des Landes NRW formuliert ist, sind \u201e(\u2026) elektronische Informations- und Kommunikationstechnologien ebenso wie traditionelle Medien Hilfsmittel des Lernens und selbst Gegenstand des Unterrichts.<br>Der Unterricht in der Grundschule vermittelt den Kindern eine Orientierung \u00fcber wichtige Informationsm\u00f6glichkeiten und leitet sie an, vorhandene Informations- und Kommunikationsmedien sinnvoll zu nutzen.<\/p>\n\n\n\n<p class=\"has-text-align-justify has-medium-font-size\">Indem die Medien selbst zum Gegenstand der Arbeit im Unterricht werden, erfahren die Sch\u00fcler M\u00f6glichkeiten und Beschr\u00e4nkungen einer durch Medien gepr\u00e4gten Lebenswirklichkeit. Die systematische Arbeit mit Medien tr\u00e4gt dazu bei, die Medienkompetenz der Sch\u00fcler zu entwickeln.\u201c<\/p>\n\n\n\n<p class=\"has-medium-font-size\">Das Land NRW hat im Medienkompetenzrahmen die zu erwerbenden Kompetenzen klar definiert. Zu den Kompetenzbereichen und damit verbundenen Leitzielen geh\u00f6ren:<\/p>\n\n\n\n<ul class=\"has-medium-font-size wp-block-list\">\n<li>das Bedienen und Anwenden,<\/li>\n\n\n\n<li>das Informieren und Recherchieren,<\/li>\n\n\n\n<li>das Kommunizieren und Kooperieren,<\/li>\n\n\n\n<li>das Produzieren und Pr\u00e4sentieren,<\/li>\n\n\n\n<li>das Analysieren und Reflektieren sowie<\/li>\n\n\n\n<li>das Probleml\u00f6sen und Modellieren.<\/li>\n<\/ul>\n\n\n\n<p class=\"has-medium-font-size\">Zu jedem Kompetenzbereich gibt es weitere Teilziele, die dem Medienkompetenzrahmen entnommen werden k\u00f6nnen. Bei der inhaltlichen Ausgestaltung des schuleigenen Medienkompetenzrahmens wurden diese Ziele angemessen ber\u00fccksichtigt.<\/p>\n\n\n\n<p class=\"has-medium-font-size\" style=\"font-style:normal;font-weight:800\"><strong>Zielsetzungen f\u00fcr die Ausbildung einer Medienkompetenz&nbsp;<\/strong><\/p>\n\n\n\n<p class=\"has-text-align-justify has-medium-font-size\">Sch\u00fclerinnen und Sch\u00fcler sollen zu einem selbstst\u00e4ndigen und kritischen Umgang mit den modernen Medien, im speziellen mit digitalen Endger\u00e4ten wie Laptops und Tablets und dem Internet, bef\u00e4higt werden. Besonderer Wert wird dabei auf die Aspekte der Informationsbeschaffung, Aufzeigen und Nutzen von M\u00f6glichkeiten als Werkzeug sowie der individuellen F\u00f6rderung gelegt.Die Sch\u00fclerinnen und Sch\u00fcler sollen so z.B. zunehmend mehr ihr Wissen mit Lernprogrammen \u00fcberpr\u00fcfen, festigen und kontinuierlich weiter vertiefen. Der Computer soll f\u00fcr die Sch\u00fcler und Sch\u00fclerinnen nicht den Platz als ein reines Spielinstrument einnehmen, sondern von ihnen als ein interessantes und n\u00fctzliches Hilfsmittel f\u00fcr die L\u00f6sung allt\u00e4glicher, im Schulalltag auftretender Aufgabenstellungen wahrgenommen und verstanden werden, wie etwa das Verfassen von Texten, Vorbereiten von Pr\u00e4sentationen mit Hilfe verschiedener Office- Anwendungen. Auch zur Pr\u00e4sentation von Lernergebnissen kann der Computer oder das Tablet in Verbindung mit dem Beamer oder Smartboard genutzt werden (z.B. zur Pr\u00e4sentation von Fotos zu einem Vortrag oder Darstellung eigener Textproduktionen).<\/p>\n\n\n\n<p class=\"has-medium-font-size\" style=\"font-style:normal;font-weight:800\"><strong>Integration der Medien in den Unterricht&nbsp;<\/strong><\/p>\n\n\n\n<p class=\"has-text-align-justify has-medium-font-size\">Da sich am Hauptstandort bereits jetzt in jedem Klassenraum ein internetf\u00e4higer, vernetzter PC befindet, k\u00f6nnen die Kinder in offenen Arbeitsphasen diesen sowohl als Hilfsmittel zur Informationsbeschaffung als auch als \u00dcbungs- und Trainingshilfe nutzen. Die Lehrer*innen k\u00f6nnen differenzierte Auftr\u00e4ge an einzelne Kinder geben. Zus\u00e4tzlich nutzt jede Klasse ein- bis zweimal in der Woche den PC-Raum an beiden Standorten. Hier werden die Lehrer*innen, wenn m\u00f6glich, durch Eltern unterst\u00fctzt, so dass auch eine Arbeit in kleineren Gruppen m\u00f6glich ist. Der PC-Raum ist zus\u00e4tzlich mit Arbeitstischen best\u00fcckt, so dass auch eine Nutzung mit der ganzen Klasse m\u00f6glich ist. Grunds\u00e4tzlich m\u00fcssen derzeit jeweils 2 Kinder an einem PC arbeiten. Durch mehr digitale Ger\u00e4te wollen wir jedem Kind einen eigenen Arbeitsplatz erm\u00f6glichen und mit diesen Erfahrungen aufbauen und die Nutzung selbstverst\u00e4ndlicher werden lassen. Die Arbeit mit digitalen Medien soll besonders unterst\u00fctzend im Bereich der individuellen F\u00f6rderung eingesetzt werden. Im Bereich der Rechtschreibung und der LRS-F\u00f6rderung wollen wir z.B. eine Testung und passgenau generierte F\u00f6rderung der Kinder \u00fcber entsprechende Programme durchf\u00fchren (z.B. ELFE, Lernwerkstatt). Solche Programme werden eingesetzt, um Sch\u00fclerinnen und Sch\u00fclern zu helfen durch ein gezieltes individuell angepasstes Training in ihrem eigenen Lerntempo systematisch voranzuschreiten. Gleichzeitig wollen wir Programme und Medien im Sinne einer Begabungsf\u00f6rderung einsetzen, bei denen die SuS angeregt werden, sich selbstst\u00e4ndig in vielen Bereichen an herausfordernden Aufgaben und L\u00f6sungsstrategien zu versuchen.<br>Neben der Nutzung der station\u00e4ren Computer im Klasseraum (HS) und dem Computerraum (HS\/TS) stehen den Kindern an beiden Standorten Tablets (75 am HS\/33 am TS) zur Verf\u00fcgung. Die Ger\u00e4te werden von den Kolleginnen und Kollegen individuell in den Unterricht integriert. Neben der Integration digitaler Lerninhalte in den Regelstunden sind feste Medienstunden im Stundeplan vorgesehen. Hier k\u00f6nnen die Kinder sowohl im Klassenverband als auch in Kleingruppen individuell zu einzelnen Kompetenzbereichen des Medienkompetenzrahmens (MKR) gef\u00f6rdert werden.<\/p>\n\n\n\n<p class=\"has-medium-font-size\" style=\"font-style:normal;font-weight:800\"><strong>Ausblick<\/strong><\/p>\n\n\n\n<p class=\"has-text-align-justify has-medium-font-size\">Medienbildung stellt einen verbindlichen Teil in den Lehrpl\u00e4nen aller Schularten dar. Um die Inhalte umsetzen zu k\u00f6nnen, bedarf es, neben eines diesbez\u00fcglich sach- und fachkompetenten Kollegiums, einer angepassten technischen Ausstattung, die sich auf das schulinterne Curriculum bezieht. Das Kollegium unserer Schule arbeitet stetig daran, neue Medien effektiv zu nutzen und verpflichtet sich weiterhin deren Einsatz im Unterricht auszubauen, zu dokumentieren und zu evaluieren. Dies soll eine Verl\u00e4sslichkeit f\u00fcr einen systematischen Erwerb von Medienkompetenz der Kinder sicherstellen. Hierzu sollte neben der zeitnahen grundlegenden Ausstattung auch langfristig eine Aufstockung digitaler Medien mit Unterst\u00fctzung des Schultr\u00e4gers erfolgen, um dem digitalen Wandel nachhaltig gerecht werden zu k\u00f6nnen.<\/p>\n\n\n\n<p class=\"has-text-align-justify has-medium-font-size\">Um den sinnvollen Umgang neu angeschaffter Medien anleiten zu k\u00f6nnen, werden Fortbildungen besucht und interne Mikrofortbildungen angeboten. Damit kann das Kollegium zur Nutzung neuer Medien motiviert und bef\u00e4higt werden. Dieses Medienkonzept mit seinem Curriculum und der Fortbildungsplanung wird in regelm\u00e4\u00dfigen Abst\u00e4nden erg\u00e4nzt, modifiziert und reflektiert. Es zeigt einen Prozess f\u00fcr Sch\u00fcler und Sch\u00fclerinnen und Lehrer und Lehrerinnen auf, der auf vorhandenen Ressourcen aufbaut und sich auf der Basis neuer digitaler Medien weiterentwickeln wird. Ein durchgehender PC-Laufplan (Digi-Kids) wurde im Schuljahr 2020\/21 erstellt und wird derzeit \u00fcberarbeitet, so dass die Kinder in ihrem Tempo (teilweise durch Teilnahme am PC-Unterricht anderer Jahrg\u00e4nge, in der OGS-Zeit, in Freiarbeitszeiten), aber in festgelegter Reihenfolge ab Klasse 1 ihren Plan absolvieren. Parallel zur Entwicklung und Erprobung des PC-Laufplans durch die AG-Medien werden die \u201eNeuen Medien\u201c (Tablets, Pr\u00e4sentationstechnik) nach Bereitstellung schrittweise im Unterricht implementiert und erprobt. Die Kolleg*innen der AG Medien begleiten, betreuen und evaluieren den Prozess und geben eine R\u00fcckmeldung an den Schultr\u00e4ger.<\/p>\n\n\n\n<div class=\"wp-block-uagb-image aligncenter uagb-block-5b3966ef wp-block-uagb-image--layout-default wp-block-uagb-image--effect-static wp-block-uagb-image--align-center\"><figure class=\"wp-block-uagb-image__figure\"><img decoding=\"async\" srcset=\"https:\/\/www.ggs-eick.de\/cms\/wp-content\/uploads\/2023\/08\/digitale-MEdien.png \" sizes=\"auto, (max-width: 480px) 150px\" src=\"https:\/\/www.ggs-eick.de\/cms\/wp-content\/uploads\/2023\/08\/digitale-MEdien.png\" alt=\"\" class=\"uag-image-1360\" width=\"663\" height=\"401\" title=\"\" loading=\"lazy\"\/><\/figure><\/div>\n<\/div><\/div>\n<\/div><\/div><\/div><\/div><\/div>\n","protected":false},"excerpt":{"rendered":"","protected":false},"author":1,"featured_media":0,"parent":0,"menu_order":0,"comment_status":"closed","ping_status":"closed","template":"","meta":{"_uag_custom_page_level_css":"","footnotes":""},"class_list":["post-1024","page","type-page","status-publish","hentry"],"jetpack_sharing_enabled":true,"uagb_featured_image_src":{"full":false,"thumbnail":false,"medium":false,"medium_large":false,"large":false,"1536x1536":false,"2048x2048":false,"post-thumbnail":false,"gutenix-thumb-s":false,"gutenix-thumb-m":false,"gutenix-thumb-post":false,"gutenix-thumb-l":false,"gutenix-thumb-xl":false,"gutenix-thumb-grid-2col":false,"gutenix-thumb-masonry":false,"gutenix-thumb-masonry-2col":false,"gutenix-thumb-justify":false},"uagb_author_info":{"display_name":"ggsadmin","author_link":"https:\/\/www.ggs-eick.de\/cms\/author\/ggsadmin\/"},"uagb_comment_info":0,"uagb_excerpt":null,"_links":{"self":[{"href":"https:\/\/www.ggs-eick.de\/cms\/wp-json\/wp\/v2\/pages\/1024","targetHints":{"allow":["GET"]}}],"collection":[{"href":"https:\/\/www.ggs-eick.de\/cms\/wp-json\/wp\/v2\/pages"}],"about":[{"href":"https:\/\/www.ggs-eick.de\/cms\/wp-json\/wp\/v2\/types\/page"}],"author":[{"embeddable":true,"href":"https:\/\/www.ggs-eick.de\/cms\/wp-json\/wp\/v2\/users\/1"}],"replies":[{"embeddable":true,"href":"https:\/\/www.ggs-eick.de\/cms\/wp-json\/wp\/v2\/comments?post=1024"}],"version-history":[{"count":5,"href":"https:\/\/www.ggs-eick.de\/cms\/wp-json\/wp\/v2\/pages\/1024\/revisions"}],"predecessor-version":[{"id":1462,"href":"https:\/\/www.ggs-eick.de\/cms\/wp-json\/wp\/v2\/pages\/1024\/revisions\/1462"}],"wp:attachment":[{"href":"https:\/\/www.ggs-eick.de\/cms\/wp-json\/wp\/v2\/media?parent=1024"}],"curies":[{"name":"wp","href":"https:\/\/api.w.org\/{rel}","templated":true}]}}

<div class="wp-block-getwid-section"><div class="wp-block-getwid-section__wrapper"><div class="wp-block-getwid-section__inner-wrapper"><div class="wp-block-getwid-section__background-holder"><div class="wp-block-getwid-section__background has-background has-color-5-background-color"></div><div class="wp-block-getwid-section__foreground"></div></div><div class="wp-block-getwid-section__content"><div class="wp-block-getwid-section__inner-content">
<div class="wp-block-group"><div class="wp-block-group__inner-container is-layout-constrained wp-block-group-is-layout-constrained">
<p class="has-text-align-center has-large-font-size"><strong>Medienkonzept</strong></p>



<p class="has-text-align-center has-small-font-size">(Stand: 12/2022)</p>



<p class="has-medium-font-size" style="font-style:normal;font-weight:800"><strong>Ziele des digitalen Medienkonzeptes&nbsp;</strong></p>



<p class="has-text-align-justify has-medium-font-size">Wir möchten zeitgemäßen Unterricht mit aktuellen und zukunftweisenden Inhalten und Methoden mit den Schülerinnen und Schülern gemeinsam umsetzen. Dazu haben wir didaktische und pädagogische Ideen und Ziele formuliert, aus denen sich die notwendige technische Grundausstattung für die beiden Standorte unserer Schule ergibt. Medien sollen in unserer Schule unter anderem…</p>



<p class="has-medium-font-size">eine bewusste Bereicherung des Unterrichts und des Schullebens darstellen und neue Wege und Möglichkeiten beim Lernen aufzeigen,</p>



<ul class="has-medium-font-size wp-block-list">
<li>die individuelle Förderung der Kinder unterstützenn</li>



<li>neue Präsentationsformen für Arbeitsergebnisse der Kinder zulassen,</li>



<li>mit Hilfe einer schuleigenen Homepage eine Plattform für interessierte</li>



<li>Eltern zur Informationsbeschaffung bieten,</li>



<li>Schulverwaltung, Schulorganisation und Unterrichtsvorbereitung</li>



<li>erleichtern.</li>
</ul>



<p class="has-medium-font-size">Das Medienkonzept unserer Schule bezieht sich…</p>



<ul class="has-medium-font-size wp-block-list">
<li>auf ein Lernen mit dem klassischen Computer oder Tablet als Werkzeug (Schreib- und Übungsprogramme),</li>



<li>auf den Umgang mit Medienausstattungen (Hardware) als Bildungsmedien,</li>



<li>zur Informationsbeschaffung,</li>



<li>auf die Nutzung eines Lern-Management-Systems (LMS),</li>



<li>auf einen sicheren Umgang mit dem Internet,</li>



<li>auf die Integration der neuen Medien in den alltäglichen Unterricht,</li>



<li>auf das selbstständige Lernen mit den Medien,</li>



<li>auf sachgerechtes und eigenverantwortliches Handeln,</li>



<li>auf die Identifikation und Nutzung der grundlegenden Prinzipien und Funktionsweisen der digitalen Welt,</li>



<li>auf eine Vernetzung traditioneller und neuer Medien.</li>
</ul>



<p class="has-medium-font-size" style="font-style:normal;font-weight:800"><br><strong>Ziele der Entwicklung und Förderung von Medienkompetenzen&nbsp;</strong></p>



<p class="has-text-align-justify has-medium-font-size">Wie in den Richtlinien des Landes NRW formuliert ist, sind „(…) elektronische Informations- und Kommunikationstechnologien ebenso wie traditionelle Medien Hilfsmittel des Lernens und selbst Gegenstand des Unterrichts.<br>Der Unterricht in der Grundschule vermittelt den Kindern eine Orientierung über wichtige Informationsmöglichkeiten und leitet sie an, vorhandene Informations- und Kommunikationsmedien sinnvoll zu nutzen.</p>



<p class="has-text-align-justify has-medium-font-size">Indem die Medien selbst zum Gegenstand der Arbeit im Unterricht werden, erfahren die Schüler Möglichkeiten und Beschränkungen einer durch Medien geprägten Lebenswirklichkeit. Die systematische Arbeit mit Medien trägt dazu bei, die Medienkompetenz der Schüler zu entwickeln.“</p>



<p class="has-medium-font-size">Das Land NRW hat im Medienkompetenzrahmen die zu erwerbenden Kompetenzen klar definiert. Zu den Kompetenzbereichen und damit verbundenen Leitzielen gehören:</p>



<ul class="has-medium-font-size wp-block-list">
<li>das Bedienen und Anwenden,</li>



<li>das Informieren und Recherchieren,</li>



<li>das Kommunizieren und Kooperieren,</li>



<li>das Produzieren und Präsentieren,</li>



<li>das Analysieren und Reflektieren sowie</li>



<li>das Problemlösen und Modellieren.</li>
</ul>



<p class="has-medium-font-size">Zu jedem Kompetenzbereich gibt es weitere Teilziele, die dem Medienkompetenzrahmen entnommen werden können. Bei der inhaltlichen Ausgestaltung des schuleigenen Medienkompetenzrahmens wurden diese Ziele angemessen berücksichtigt.</p>



<p class="has-medium-font-size" style="font-style:normal;font-weight:800"><strong>Zielsetzungen für die Ausbildung einer Medienkompetenz&nbsp;</strong></p>



<p class="has-text-align-justify has-medium-font-size">Schülerinnen und Schüler sollen zu einem selbstständigen und kritischen Umgang mit den modernen Medien, im speziellen mit digitalen Endgeräten wie Laptops und Tablets und dem Internet, befähigt werden. Besonderer Wert wird dabei auf die Aspekte der Informationsbeschaffung, Aufzeigen und Nutzen von Möglichkeiten als Werkzeug sowie der individuellen Förderung gelegt.Die Schülerinnen und Schüler sollen so z.B. zunehmend mehr ihr Wissen mit Lernprogrammen überprüfen, festigen und kontinuierlich weiter vertiefen. Der Computer soll für die Schüler und Schülerinnen nicht den Platz als ein reines Spielinstrument einnehmen, sondern von ihnen als ein interessantes und nützliches Hilfsmittel für die Lösung alltäglicher, im Schulalltag auftretender Aufgabenstellungen wahrgenommen und verstanden werden, wie etwa das Verfassen von Texten, Vorbereiten von Präsentationen mit Hilfe verschiedener Office- Anwendungen. Auch zur Präsentation von Lernergebnissen kann der Computer oder das Tablet in Verbindung mit dem Beamer oder Smartboard genutzt werden (z.B. zur Präsentation von Fotos zu einem Vortrag oder Darstellung eigener Textproduktionen).</p>



<p class="has-medium-font-size" style="font-style:normal;font-weight:800"><strong>Integration der Medien in den Unterricht&nbsp;</strong></p>



<p class="has-text-align-justify has-medium-font-size">Da sich am Hauptstandort bereits jetzt in jedem Klassenraum ein internetfähiger, vernetzter PC befindet, können die Kinder in offenen Arbeitsphasen diesen sowohl als Hilfsmittel zur Informationsbeschaffung als auch als Übungs- und Trainingshilfe nutzen. Die Lehrer*innen können differenzierte Aufträge an einzelne Kinder geben. Zusätzlich nutzt jede Klasse ein- bis zweimal in der Woche den PC-Raum an beiden Standorten. Hier werden die Lehrer*innen, wenn möglich, durch Eltern unterstützt, so dass auch eine Arbeit in kleineren Gruppen möglich ist. Der PC-Raum ist zusätzlich mit Arbeitstischen bestückt, so dass auch eine Nutzung mit der ganzen Klasse möglich ist. Grundsätzlich müssen derzeit jeweils 2 Kinder an einem PC arbeiten. Durch mehr digitale Geräte wollen wir jedem Kind einen eigenen Arbeitsplatz ermöglichen und mit diesen Erfahrungen aufbauen und die Nutzung selbstverständlicher werden lassen. Die Arbeit mit digitalen Medien soll besonders unterstützend im Bereich der individuellen Förderung eingesetzt werden. Im Bereich der Rechtschreibung und der LRS-Förderung wollen wir z.B. eine Testung und passgenau generierte Förderung der Kinder über entsprechende Programme durchführen (z.B. ELFE, Lernwerkstatt). Solche Programme werden eingesetzt, um Schülerinnen und Schülern zu helfen durch ein gezieltes individuell angepasstes Training in ihrem eigenen Lerntempo systematisch voranzuschreiten. Gleichzeitig wollen wir Programme und Medien im Sinne einer Begabungsförderung einsetzen, bei denen die SuS angeregt werden, sich selbstständig in vielen Bereichen an herausfordernden Aufgaben und Lösungsstrategien zu versuchen.<br>Neben der Nutzung der stationären Computer im Klasseraum (HS) und dem Computerraum (HS/TS) stehen den Kindern an beiden Standorten Tablets (75 am HS/33 am TS) zur Verfügung. Die Geräte werden von den Kolleginnen und Kollegen individuell in den Unterricht integriert. Neben der Integration digitaler Lerninhalte in den Regelstunden sind feste Medienstunden im Stundeplan vorgesehen. Hier können die Kinder sowohl im Klassenverband als auch in Kleingruppen individuell zu einzelnen Kompetenzbereichen des Medienkompetenzrahmens (MKR) gefördert werden.</p>



<p class="has-medium-font-size" style="font-style:normal;font-weight:800"><strong>Ausblick</strong></p>



<p class="has-text-align-justify has-medium-font-size">Medienbildung stellt einen verbindlichen Teil in den Lehrplänen aller Schularten dar. Um die Inhalte umsetzen zu können, bedarf es, neben eines diesbezüglich sach- und fachkompetenten Kollegiums, einer angepassten technischen Ausstattung, die sich auf das schulinterne Curriculum bezieht. Das Kollegium unserer Schule arbeitet stetig daran, neue Medien effektiv zu nutzen und verpflichtet sich weiterhin deren Einsatz im Unterricht auszubauen, zu dokumentieren und zu evaluieren. Dies soll eine Verlässlichkeit für einen systematischen Erwerb von Medienkompetenz der Kinder sicherstellen. Hierzu sollte neben der zeitnahen grundlegenden Ausstattung auch langfristig eine Aufstockung digitaler Medien mit Unterstützung des Schulträgers erfolgen, um dem digitalen Wandel nachhaltig gerecht werden zu können.</p>



<p class="has-text-align-justify has-medium-font-size">Um den sinnvollen Umgang neu angeschaffter Medien anleiten zu können, werden Fortbildungen besucht und interne Mikrofortbildungen angeboten. Damit kann das Kollegium zur Nutzung neuer Medien motiviert und befähigt werden. Dieses Medienkonzept mit seinem Curriculum und der Fortbildungsplanung wird in regelmäßigen Abständen ergänzt, modifiziert und reflektiert. Es zeigt einen Prozess für Schüler und Schülerinnen und Lehrer und Lehrerinnen auf, der auf vorhandenen Ressourcen aufbaut und sich auf der Basis neuer digitaler Medien weiterentwickeln wird. Ein durchgehender PC-Laufplan (Digi-Kids) wurde im Schuljahr 2020/21 erstellt und wird derzeit überarbeitet, so dass die Kinder in ihrem Tempo (teilweise durch Teilnahme am PC-Unterricht anderer Jahrgänge, in der OGS-Zeit, in Freiarbeitszeiten), aber in festgelegter Reihenfolge ab Klasse 1 ihren Plan absolvieren. Parallel zur Entwicklung und Erprobung des PC-Laufplans durch die AG-Medien werden die „Neuen Medien“ (Tablets, Präsentationstechnik) nach Bereitstellung schrittweise im Unterricht implementiert und erprobt. Die Kolleg*innen der AG Medien begleiten, betreuen und evaluieren den Prozess und geben eine Rückmeldung an den Schulträger.</p>



<div class="wp-block-uagb-image aligncenter uagb-block-5b3966ef wp-block-uagb-image--layout-default wp-block-uagb-image--effect-static wp-block-uagb-image--align-center"><figure class="wp-block-uagb-image__figure"><img decoding="async" srcset="https://www.ggs-eick.de/cms/wp-content/uploads/2023/08/digitale-MEdien.png " sizes="auto, (max-width: 480px) 150px" src="https://www.ggs-eick.de/cms/wp-content/uploads/2023/08/digitale-MEdien.png" alt="" class="uag-image-1360" width="663" height="401" title="" loading="lazy"/></figure></div>
</div></div>
</div></div></div></div></div>
